{"id":121,"date":"2019-05-11T15:40:49","date_gmt":"2019-05-11T15:40:49","guid":{"rendered":"https:\/\/pixxen.de\/?page_id=121"},"modified":"2025-12-01T09:07:59","modified_gmt":"2025-12-01T09:07:59","slug":"verein","status":"publish","type":"page","link":"https:\/\/pixxen.de\/index.php\/verein\/","title":{"rendered":"Verein"},"content":{"rendered":"\n<h2>Das Fotoportal<\/h2>\n\n\n\n<p>Im Jahr 2005 wurde von einigen Jugendlichen aus Leer und Umgebung das Fotoportal \u201ePixen.de.pn\u201c (Damals noch mit einem X) ins Leben gerufen. Man machte Fotos auf Partys, Events und Festivals, auf die man selber ging, sp\u00e4ter organisierte man auch selber Partys. Erst waren diese privater Natur, sp\u00e4ter dann auch \u00f6ffentlich, z.B. im Limit in Ihrhove oder dem Roots in Leer. Das ganze lief stets auf einer Spa\u00df-an-der-Sache Basis und nie wirklich professionell oder gar kommerziell.  <\/p>\n\n\n\n<p>Dennoch ist die Statistik durchaus beeindruckend: In unserer Galerie wurden zwischen 2005 und 2017 \u00fcber 100.000 Fotos von \u00fcber 1.000 Veranstaltungen hochgeladen. Diese wurden \u00fcber 7 Millionen mal angesehen und es finden sich gut 17.000 Kommentare!<\/p>\n\n\n\n<p> Irgendwann gab es eine richtige .de-Domain, nun schon mit Doppel-X (Auf&nbsp;<a href=\"http:\/\/www.pixen.de\/\">www.Pixen.de<\/a>&nbsp;konnte man \u00fcbrigens lustige Klappbilder kaufen), daf\u00fcr wurden die Fotos in der Galerie durch Studium und Beruf der Fotografen und auch die Konkurrenz durch Facebook gem\u00e4chlich weniger. <\/p>\n\n\n\n<figure class=\"wp-block-image is-resized\"><img loading=\"lazy\" src=\"https:\/\/pixxen.de\/wp-content\/uploads\/2019\/05\/48897655_2170914079605856_4818941563671412736_n.jpg\" alt=\"\" class=\"wp-image-122\" width=\"313\" height=\"470\" srcset=\"https:\/\/pixxen.de\/wp-content\/uploads\/2019\/05\/48897655_2170914079605856_4818941563671412736_n.jpg 640w, https:\/\/pixxen.de\/wp-content\/uploads\/2019\/05\/48897655_2170914079605856_4818941563671412736_n-350x525.jpg 350w, https:\/\/pixxen.de\/wp-content\/uploads\/2019\/05\/48897655_2170914079605856_4818941563671412736_n-200x300.jpg 200w\" sizes=\"(max-width: 313px) 100vw, 313px\" \/><\/figure>\n\n\n\n<h2>Das Festival<\/h2>\n\n\n\n<p>2009 dann entschied sich der harte Kern, dass es Zeit w\u00e4re auch die gro\u00dfen B\u00fchnen der Welt zu erkunden und startete die Organisation f\u00fcr das erste Pixxen Festival. Nach harten Verhandlungen und mit wenig Ahnung ging im Mai 2010 das erste Festival mit knapp 800 Besuchern \u00fcber die (Anh\u00e4nger-)B\u00fchne als Benefiz f\u00fcr lokale Einrichtung. Konzerte in Jugendzentren und Diskotheken folgten. Ab dann waren wir nicht mehr zu stoppen. <\/p>\n\n\n\n<p><strong>Mit einem eingeschworenen Orgateam und zahlreichen Helfern brachte man bis 2025 bei zahlreichen <strong>den mittlerweile 15 Festivals<\/strong><\/strong>, <strong>Pixxenpartys, Konzerten, Winterm\u00e4rkten und dem Corona Special insgesamt \u00fcber 94.500\u20ac  f\u00fcr den guten Swag zusammen! <\/strong><\/p>\n\n\n\n<p>Es spielten insgesamt gute 140 Bands und DJs vor zwischendurch bis zu 4.500 Besuchern in Neukamperfehn, dem Ursprungsort von Pixxen! Mittlerweile eine stabile Besucherzahl von 1500-2500 Leuten angepeilt. <\/p>\n\n\n\n<figure class=\"wp-block-image\"><img loading=\"lazy\" width=\"768\" height=\"432\" src=\"https:\/\/pixxen.de\/wp-content\/uploads\/2019\/05\/21032480_1589890187708251_4639359119960504922_n-768x432.jpg\" alt=\"\" class=\"wp-image-63\" srcset=\"https:\/\/pixxen.de\/wp-content\/uploads\/2019\/05\/21032480_1589890187708251_4639359119960504922_n-768x432.jpg 768w, https:\/\/pixxen.de\/wp-content\/uploads\/2019\/05\/21032480_1589890187708251_4639359119960504922_n-768x432-350x197.jpg 350w, https:\/\/pixxen.de\/wp-content\/uploads\/2019\/05\/21032480_1589890187708251_4639359119960504922_n-768x432-300x169.jpg 300w\" sizes=\"(max-width: 767px) 89vw, (max-width: 1000px) 54vw, (max-width: 1071px) 543px, 580px\" \/><figcaption>2019 stellte alles davor und danach in den Schatten<\/figcaption><\/figure>\n\n\n\n<h2>Der Verein<\/h2>\n\n\n\n<p>F\u00fcr einige Zeit lief die Vorbereitung der Vereinsgr\u00fcndung, es gab zeitweise den &#8222;Pixxen e.V. i.Gr.&#8220; Dann wurde 2014 der Verein \u201ePixxen e.V.\u201c gegr\u00fcndet, um dem Kind endlich einen offiziellen Namen zu geben. Der Verein ist im Vereinsregister Aurich eingetragen und vom Finanzamt Leer als gemeinn\u00fctzig anerkannt. Die Aufgaben des Vereins laut Satzung sind unter anderem F\u00f6rderung der Jugend- und Musikkultur in Ostfriesland, aber auch Erhaltung von lokalen, ostfriesischen Traditionen (z.B. Bo\u00dfelsport, Grillradtour). Seit dem Beginn stand f\u00fcr uns stets das Wohl der Kinder im Vordergrund. Wir setzen uns f\u00fcr eine Festivalkultur ein, an der jeder, egal wie alt oder wie gestellt, teilnehmen kann und versuchen stets einiges an Geld f\u00fcr Projekte wie Schulf\u00f6rdervereine, die Jugendfeuerwehr und nicht zuletzt \u201eHerzkinder Ostfriesland e.V.\u201c, einen Verein f\u00fcr herzkranke Kinder, zusammen zubekommen. Der junge Verein wird von einem 7-k\u00f6pfigen Vorstand geleitet, zus\u00e4tzlich gibt es, grade f\u00fcr die Festivaldurchf\u00fchrung, noch 4 Ressortleiter. Das Durchschnittsalter der Vorstandsmitglieder ist deutlich unter 30 und der Verein verf\u00fcgt mittlerweile \u00fcber gut 120 Mitglieder. W\u00e4hrend des Festivals selbst arbeiten gute 140 Leute (alt &amp; jung, von nah &amp; fern) ehrenamtlich und unentgeltlich f\u00fcr die gute Sache!<\/p>\n\n\n\n<figure class=\"wp-block-image size-large\"><img loading=\"lazy\" width=\"1024\" height=\"681\" src=\"https:\/\/pixxen.de\/wp-content\/uploads\/2023\/05\/Pixxen_Team_2022-1024x681.jpg\" alt=\"\" class=\"wp-image-6350\" srcset=\"https:\/\/pixxen.de\/wp-content\/uploads\/2023\/05\/Pixxen_Team_2022-1024x681.jpg 1024w, https:\/\/pixxen.de\/wp-content\/uploads\/2023\/05\/Pixxen_Team_2022-300x200.jpg 300w, https:\/\/pixxen.de\/wp-content\/uploads\/2023\/05\/Pixxen_Team_2022-768x511.jpg 768w, https:\/\/pixxen.de\/wp-content\/uploads\/2023\/05\/Pixxen_Team_2022-350x233.jpg 350w, https:\/\/pixxen.de\/wp-content\/uploads\/2023\/05\/Pixxen_Team_2022.jpg 1200w\" sizes=\"(max-width: 767px) 89vw, (max-width: 1000px) 54vw, (max-width: 1071px) 543px, 580px\" \/><\/figure>\n\n\n\n<h2>Die Entwicklung<\/h2>\n\n\n\n<p>Im Jahre 2017 waren beim 8. Festival knapp 3.600 Leute \u00fcber den Tag verteilt dabei, es konnten 10.000\u20ac gespendet werden, was uns auch einen 3. Platz bei einer Ehrung von Ehrenamtlichen im Einsatz f\u00fcr Herzkranke Kinder einbrachte. In diesem Jahr gab es mit der Biergartenb\u00fchne zum dritten Mal eine dritte B\u00fchne. Im Jahre 2019 konnten beim Jubil\u00e4um erstmals \u00fcber 4.000 Besucher verbucht werden, sowie 15.000\u20ac \u00fcbergeben werden.<\/p>\n\n\n\n<p>Den Gr\u00fcndern und dem wachsenden Team war es immer wichtig, ein Festival zu gestalten, welches sie selbst gerne besuchen w\u00fcrden. Daher gibt es auch g\u00fcnstigen Eintritt, g\u00fcnstige Getr\u00e4nke, tanzbare Musik von Jung und Alt f\u00fcr Jung und Alt. Weil au\u00dferdem auf gr\u00f6\u00dferen Festivals immer mehr Verbote durchgesetzt werden, sind bei uns viele Dinge erlaubt. Wir stellen Sofas f\u00fcr euch auf, wie fr\u00fcher in jedem Festivalcamp \u00fcblich, es gibt einen Pool und nat\u00fcrlich d\u00fcrfen Pogo &amp; Crowdsurfen nicht fehlen!<\/p>\n\n\n\n<figure class=\"wp-block-image\"><img loading=\"lazy\" width=\"1000\" height=\"667\" src=\"https:\/\/pixxen.de\/wp-content\/uploads\/2019\/05\/22382419_1631942173503052_5256135893935318348_o.jpg\" alt=\"\" class=\"wp-image-123\" srcset=\"https:\/\/pixxen.de\/wp-content\/uploads\/2019\/05\/22382419_1631942173503052_5256135893935318348_o.jpg 1000w, https:\/\/pixxen.de\/wp-content\/uploads\/2019\/05\/22382419_1631942173503052_5256135893935318348_o-350x233.jpg 350w, https:\/\/pixxen.de\/wp-content\/uploads\/2019\/05\/22382419_1631942173503052_5256135893935318348_o-300x200.jpg 300w, https:\/\/pixxen.de\/wp-content\/uploads\/2019\/05\/22382419_1631942173503052_5256135893935318348_o-768x512.jpg 768w\" sizes=\"(max-width: 767px) 89vw, (max-width: 1000px) 54vw, (max-width: 1071px) 543px, 580px\" \/><\/figure>\n\n\n\n<p>Neben der Organisation des Festivals setzen wir uns im Ort Neukamperfehn sportlich (mit mehr oder weniger Erfolg) beim Bo\u00dfelturnier des BV Beningafehn, dem Flunkyballturnier des SV Stikelkamp oder den Eimerfestspielen der <a href=\"https:\/\/pixxen.de\/index.php\/unterstuetzer\/feuerwehr\/\">Freiwilligen Feuerwehr<\/a> ein. Dazu betreuen wir einmal im Jahr das Cafe am Lehrerhaus. Nebenbei ist aus dem Verein eine gro\u00dfe befreundete Gruppe geworden, die j\u00e4hrlich gemeinsam bo\u00dfeln geht, zusammen Radtouren organisiert oder feiert. <\/p>\n\n\n\n<h2>Deine Unterst\u00fctzung<\/h2>\n\n\n\n<p>Falls du Interesse hast, Mitglied zu werden und uns finanziell aber hoffentlich auch ideell und praktisch zu unterst\u00fctzen, findest du unter diesem&nbsp;<a href=\"https:\/\/pixxen.de\/index.php\/verein\/mitgliedsantrag\/\">Link&nbsp;<\/a>den Mitgliedsantrag. Infos zum Team gibt es <a href=\"https:\/\/pixxen.de\/index.php\/team\/\">hier<\/a> oder per Email an <a href=\"mailto:team@pixxen.de\">team@pixxen.de<\/a>.<\/p>\n\n\n\n<p>Weitere Anfragen gerne an <a href=\"mailto:info@pixxen.de\">info@pixxen.de<\/a>, das Festival betreffend an&nbsp;<a href=\"mailto:festival@pixxen.de\">festival@pixxen.de!<\/a> Spenden finden unter <a href=\"mailto:spenden@pixxen.de\">spenden@pixxen.de<\/a> und interessierte Firmen unter <a href=\"mailto:sponsor@pixxen.de\">sponsor@pixxen.de<\/a> ihre Verantwortlichen.<\/p>\n","protected":false},"excerpt":{"rendered":"<p>Das Fotoportal Im Jahr 2005 wurde von einigen Jugendlichen aus Leer und Umgebung das Fotoportal \u201ePixen.de.pn\u201c (Damals noch mit einem X) ins Leben gerufen. Man machte Fotos auf Partys, Events und Festivals, auf die man selber ging, sp\u00e4ter organisierte man auch selber Partys. Erst waren diese privater Natur, sp\u00e4ter dann auch \u00f6ffentlich, z.B. im Limit &hellip; <\/p>\n<p class=\"link-more\"><a href=\"https:\/\/pixxen.de\/index.php\/verein\/\" class=\"more-link\"><span class=\"screen-reader-text\">\u201eVerein\u201c<\/span> weiterlesen<\/a><\/p>\n","protected":false},"author":1,"featured_media":0,"parent":0,"menu_order":0,"comment_status":"closed","ping_status":"closed","template":"","meta":[],"_links":{"self":[{"href":"https:\/\/pixxen.de\/index.php\/wp-json\/wp\/v2\/pages\/121"}],"collection":[{"href":"https:\/\/pixxen.de\/index.php\/wp-json\/wp\/v2\/pages"}],"about":[{"href":"https:\/\/pixxen.de\/index.php\/wp-json\/wp\/v2\/types\/page"}],"author":[{"embeddable":true,"href":"https:\/\/pixxen.de\/index.php\/wp-json\/wp\/v2\/users\/1"}],"replies":[{"embeddable":true,"href":"https:\/\/pixxen.de\/index.php\/wp-json\/wp\/v2\/comments?post=121"}],"version-history":[{"count":16,"href":"https:\/\/pixxen.de\/index.php\/wp-json\/wp\/v2\/pages\/121\/revisions"}],"predecessor-version":[{"id":6715,"href":"https:\/\/pixxen.de\/index.php\/wp-json\/wp\/v2\/pages\/121\/revisions\/6715"}],"wp:attachment":[{"href":"https:\/\/pixxen.de\/index.php\/wp-json\/wp\/v2\/media?parent=121"}],"curies":[{"name":"wp","href":"https:\/\/api.w.org\/{rel}","templated":true}]}}