{"id":16,"date":"2019-05-11T14:54:28","date_gmt":"2019-05-11T14:54:28","guid":{"rendered":"https:\/\/pixxen.de\/?page_id=16"},"modified":"2025-12-03T15:43:02","modified_gmt":"2025-12-03T15:43:02","slug":"festival","status":"publish","type":"page","link":"https:\/\/pixxen.de\/index.php\/festival\/","title":{"rendered":"2025"},"content":{"rendered":"\n<p>Seit 2010 bietet das Pixxen Festival im wundersch\u00f6nen Neukamperfehn, mitten in Ostfriesland, beste Unterhaltung f\u00fcr einen guten Zweck<\/p>\n\n\n\n<p>Das 15. Pixxen Festival findet am Samstag, 23. August 2025 statt!<\/p>\n\n\n\n<div class=\"wp-block-media-text alignwide\" style=\"grid-template-columns:37% auto\"><figure class=\"wp-block-media-text__media\"><img loading=\"lazy\" width=\"768\" height=\"511\" src=\"https:\/\/pixxen.de\/wp-content\/uploads\/2019\/05\/40337793_2020399557990643_265830356471513088_o-768x511.jpg\" alt=\"\" class=\"wp-image-60 size-full\" srcset=\"https:\/\/pixxen.de\/wp-content\/uploads\/2019\/05\/40337793_2020399557990643_265830356471513088_o-768x511.jpg 768w, https:\/\/pixxen.de\/wp-content\/uploads\/2019\/05\/40337793_2020399557990643_265830356471513088_o-768x511-350x233.jpg 350w, https:\/\/pixxen.de\/wp-content\/uploads\/2019\/05\/40337793_2020399557990643_265830356471513088_o-768x511-300x200.jpg 300w\" sizes=\"(max-width: 767px) 89vw, (max-width: 1000px) 54vw, (max-width: 1071px) 543px, 580px\" \/><\/figure><div class=\"wp-block-media-text__content\">\n<p>Ein junges Team von mittlerweile \u00fcber 120 ehrenamtlichen Organisator:innen und Helfer:innen macht dieses Ein-Tages Festival mit j\u00e4hrlich bis zu 20 Live-Acts aus den Sparten Rock, Ska, HipHop, Metal &amp; Hardcore sowie Akkustik und Coversongs auf mittlerweile 2 B\u00fchnen m\u00f6glich! <\/p>\n<\/div><\/div>\n\n\n\n<p>Seit dem ersten Festival konnte zahlreichen Bands aus Ostfriesland eine M\u00f6glichkeit zum professionellen Auftreten gegeben werden. Gleichzeitig geben sich seit Jahren auch zahlreiche Szenegr\u00f6\u00dfen aus Deutschland und dem Ausland  auf unseren zwei B\u00fchnen die Klinke in die Hand. Nach einem Besucherrekord von \u00fcber 4.000 Leuten zum 10. Jubil\u00e4um und der speziellen Situation im Jahr 2020 und 2021 sind wir seit 2023 wieder auf einem spannenden Niveau angelangt. G\u00e4ste unter 12 Jahren kommen f\u00fcr 1\u20ac mit ihren Eltern oder Gro\u00dfeltern rein und brauchen kein Ticket!<\/p>\n\n\n\n<figure class=\"wp-block-gallery columns-3 is-cropped\"><ul class=\"blocks-gallery-grid\"><li class=\"blocks-gallery-item\"><figure><img loading=\"lazy\" width=\"768\" height=\"512\" src=\"https:\/\/pixxen.de\/wp-content\/uploads\/2019\/05\/49196537_2187006237996640_8204318581190557696_o-768x512.jpg\" alt=\"\" data-id=\"61\" class=\"wp-image-61\" srcset=\"https:\/\/pixxen.de\/wp-content\/uploads\/2019\/05\/49196537_2187006237996640_8204318581190557696_o-768x512.jpg 768w, https:\/\/pixxen.de\/wp-content\/uploads\/2019\/05\/49196537_2187006237996640_8204318581190557696_o-768x512-350x233.jpg 350w, https:\/\/pixxen.de\/wp-content\/uploads\/2019\/05\/49196537_2187006237996640_8204318581190557696_o-768x512-300x200.jpg 300w\" sizes=\"(max-width: 767px) 89vw, (max-width: 1000px) 54vw, (max-width: 1071px) 543px, 580px\" \/><\/figure><\/li><li class=\"blocks-gallery-item\"><figure><img loading=\"lazy\" width=\"1024\" height=\"768\" src=\"https:\/\/pixxen.de\/wp-content\/uploads\/2019\/08\/264dcb03-4a71-48ae-8f01-d562bd7d56e8-1-1024x768.jpg\" alt=\"\" data-id=\"613\" data-link=\"https:\/\/pixxen.de\/index.php\/festival\/264dcb03-4a71-48ae-8f01-d562bd7d56e8-1\/\" class=\"wp-image-613\" srcset=\"https:\/\/pixxen.de\/wp-content\/uploads\/2019\/08\/264dcb03-4a71-48ae-8f01-d562bd7d56e8-1-1024x768.jpg 1024w, https:\/\/pixxen.de\/wp-content\/uploads\/2019\/08\/264dcb03-4a71-48ae-8f01-d562bd7d56e8-1-350x263.jpg 350w, https:\/\/pixxen.de\/wp-content\/uploads\/2019\/08\/264dcb03-4a71-48ae-8f01-d562bd7d56e8-1-300x225.jpg 300w, https:\/\/pixxen.de\/wp-content\/uploads\/2019\/08\/264dcb03-4a71-48ae-8f01-d562bd7d56e8-1-768x576.jpg 768w, https:\/\/pixxen.de\/wp-content\/uploads\/2019\/08\/264dcb03-4a71-48ae-8f01-d562bd7d56e8-1.jpg 1600w\" sizes=\"(max-width: 767px) 89vw, (max-width: 1000px) 54vw, (max-width: 1071px) 543px, 580px\" \/><\/figure><\/li><li class=\"blocks-gallery-item\"><figure><img loading=\"lazy\" width=\"1024\" height=\"768\" src=\"https:\/\/pixxen.de\/wp-content\/uploads\/2019\/08\/42261378-2f9a-448f-9879-a14d91b405d1-1-1024x768.jpg\" alt=\"\" data-id=\"614\" data-link=\"https:\/\/pixxen.de\/index.php\/festival\/42261378-2f9a-448f-9879-a14d91b405d1-1\/\" class=\"wp-image-614\" srcset=\"https:\/\/pixxen.de\/wp-content\/uploads\/2019\/08\/42261378-2f9a-448f-9879-a14d91b405d1-1-1024x768.jpg 1024w, https:\/\/pixxen.de\/wp-content\/uploads\/2019\/08\/42261378-2f9a-448f-9879-a14d91b405d1-1-350x263.jpg 350w, https:\/\/pixxen.de\/wp-content\/uploads\/2019\/08\/42261378-2f9a-448f-9879-a14d91b405d1-1-300x225.jpg 300w, https:\/\/pixxen.de\/wp-content\/uploads\/2019\/08\/42261378-2f9a-448f-9879-a14d91b405d1-1-768x576.jpg 768w, https:\/\/pixxen.de\/wp-content\/uploads\/2019\/08\/42261378-2f9a-448f-9879-a14d91b405d1-1.jpg 1600w\" sizes=\"(max-width: 767px) 89vw, (max-width: 1000px) 54vw, (max-width: 1071px) 543px, 580px\" \/><\/figure><\/li><li class=\"blocks-gallery-item\"><figure><img loading=\"lazy\" width=\"960\" height=\"960\" src=\"https:\/\/pixxen.de\/wp-content\/uploads\/2019\/08\/69293160_10215912601233341_3599106689090977792_n-1.jpg\" alt=\"\" data-id=\"615\" data-link=\"https:\/\/pixxen.de\/index.php\/festival\/69293160_10215912601233341_3599106689090977792_n-1\/\" class=\"wp-image-615\" srcset=\"https:\/\/pixxen.de\/wp-content\/uploads\/2019\/08\/69293160_10215912601233341_3599106689090977792_n-1.jpg 960w, https:\/\/pixxen.de\/wp-content\/uploads\/2019\/08\/69293160_10215912601233341_3599106689090977792_n-1-250x250.jpg 250w, https:\/\/pixxen.de\/wp-content\/uploads\/2019\/08\/69293160_10215912601233341_3599106689090977792_n-1-100x100.jpg 100w, https:\/\/pixxen.de\/wp-content\/uploads\/2019\/08\/69293160_10215912601233341_3599106689090977792_n-1-350x350.jpg 350w, https:\/\/pixxen.de\/wp-content\/uploads\/2019\/08\/69293160_10215912601233341_3599106689090977792_n-1-150x150.jpg 150w, https:\/\/pixxen.de\/wp-content\/uploads\/2019\/08\/69293160_10215912601233341_3599106689090977792_n-1-300x300.jpg 300w, https:\/\/pixxen.de\/wp-content\/uploads\/2019\/08\/69293160_10215912601233341_3599106689090977792_n-1-768x768.jpg 768w\" sizes=\"(max-width: 767px) 89vw, (max-width: 1000px) 54vw, (max-width: 1071px) 543px, 580px\" \/><\/figure><\/li><\/ul><\/figure>\n\n\n\n<h2>Erschwingliche Kultur f\u00fcr jedermann &amp; jederfrau<\/h2>\n\n\n\n<div class=\"wp-block-media-text alignwide has-media-on-the-right\"><figure class=\"wp-block-media-text__media\"><img loading=\"lazy\" width=\"1016\" height=\"632\" src=\"https:\/\/pixxen.de\/wp-content\/uploads\/2020\/01\/XLEW0623.jpg\" alt=\"\" class=\"wp-image-3225 size-full\" srcset=\"https:\/\/pixxen.de\/wp-content\/uploads\/2020\/01\/XLEW0623.jpg 1016w, https:\/\/pixxen.de\/wp-content\/uploads\/2020\/01\/XLEW0623-300x187.jpg 300w, https:\/\/pixxen.de\/wp-content\/uploads\/2020\/01\/XLEW0623-768x478.jpg 768w, https:\/\/pixxen.de\/wp-content\/uploads\/2020\/01\/XLEW0623-350x218.jpg 350w\" sizes=\"(max-width: 767px) 89vw, (max-width: 1000px) 54vw, (max-width: 1071px) 543px, 580px\" \/><\/figure><div class=\"wp-block-media-text__content\">\n<p>Die Besucher im Alter von 0-100, darunter viele Familien, haben hier die M\u00f6glichkeit einen Tag lang stressfreie Kulturunterhaltung und Party zu verbinden. Das ganze zu einem Vorverkaufspreis von nur 15\u20ac pro Person, wobei Kinder unter 12 Jahren Eintritt in H\u00f6he von 1\u20ac genie\u00dfen. Aus dem Grund der Kulturf\u00f6rderung ist der Verein auch als gemeinn\u00fctzig anerkannt und wird von vielen lokalen Firmen und Vereinen <a href=\"https:\/\/pixxen.de\/index.php\/unterstuetzer\/\">unterst\u00fctzt<\/a>! <\/p>\n<\/div><\/div>\n\n\n\n<h2>Feiern f\u00fcr den guten &#8222;Swag&#8220;<\/h2>\n\n\n\n<p>Der gesamte Erl\u00f6s geht dabei einem guten Zweck zu. So konnten seit dem 1. Pixxen Festival 2010 bis inklusive 2025 bereits \u00fcber 94.500\u20ac gespendet werden. Unter anderen geht das Geld an lokale Jugendeinrichtungen, F\u00f6rdervereine der <a href=\"https:\/\/pixxen.de\/index.php\/unterstuetzer\/feuerwehr\/\">Feuerwehren<\/a> und Sportverein. Das Gro\u00df der Spenden wird jedoch j\u00e4hrlich dem Verein <a href=\"https:\/\/pixxen.de\/index.php\/unterstuetzer\/herzkinder\/\">Herzkinder OstFriesland<\/a> ausgezahlt, welcher Kinder mit angeborenen Herzfehlern im t\u00e4glichen Leben, sowie in Ausnahmesituationen unterst\u00fctzt.<\/p>\n\n\n\n<figure class=\"wp-block-image\"><img loading=\"lazy\" width=\"480\" height=\"480\" src=\"https:\/\/pixxen.de\/wp-content\/uploads\/2019\/06\/21106445_1592279434135993_1548060911286376821_n.png\" alt=\"\" class=\"wp-image-480\" srcset=\"https:\/\/pixxen.de\/wp-content\/uploads\/2019\/06\/21106445_1592279434135993_1548060911286376821_n.png 480w, https:\/\/pixxen.de\/wp-content\/uploads\/2019\/06\/21106445_1592279434135993_1548060911286376821_n-250x250.png 250w, https:\/\/pixxen.de\/wp-content\/uploads\/2019\/06\/21106445_1592279434135993_1548060911286376821_n-100x100.png 100w, https:\/\/pixxen.de\/wp-content\/uploads\/2019\/06\/21106445_1592279434135993_1548060911286376821_n-350x350.png 350w, https:\/\/pixxen.de\/wp-content\/uploads\/2019\/06\/21106445_1592279434135993_1548060911286376821_n-150x150.png 150w, https:\/\/pixxen.de\/wp-content\/uploads\/2019\/06\/21106445_1592279434135993_1548060911286376821_n-300x300.png 300w\" sizes=\"(max-width: 480px) 100vw, 480px\" \/><figcaption>Impressionen 2017<\/figcaption><\/figure>\n\n\n\n<p>Falls auch ihr uns unterst\u00fctzen, oder Mitglied werden m\u00f6chtet, meldet euch gerne per E-Mail an info@pixxen.de!<\/p>\n","protected":false},"excerpt":{"rendered":"<p>Seit 2010 bietet das Pixxen Festival im wundersch\u00f6nen Neukamperfehn, mitten in Ostfriesland, beste Unterhaltung f\u00fcr einen guten Zweck Das 15. Pixxen Festival findet am Samstag, 23. August 2025 statt! Ein junges Team von mittlerweile \u00fcber 120 ehrenamtlichen Organisator:innen und Helfer:innen macht dieses Ein-Tages Festival mit j\u00e4hrlich bis zu 20 Live-Acts aus den Sparten Rock, Ska, &hellip; <\/p>\n<p class=\"link-more\"><a href=\"https:\/\/pixxen.de\/index.php\/festival\/\" class=\"more-link\"><span class=\"screen-reader-text\">\u201e2025\u201c<\/span> weiterlesen<\/a><\/p>\n","protected":false},"author":1,"featured_media":0,"parent":0,"menu_order":0,"comment_status":"closed","ping_status":"closed","template":"","meta":[],"_links":{"self":[{"href":"https:\/\/pixxen.de\/index.php\/wp-json\/wp\/v2\/pages\/16"}],"collection":[{"href":"https:\/\/pixxen.de\/index.php\/wp-json\/wp\/v2\/pages"}],"about":[{"href":"https:\/\/pixxen.de\/index.php\/wp-json\/wp\/v2\/types\/page"}],"author":[{"embeddable":true,"href":"https:\/\/pixxen.de\/index.php\/wp-json\/wp\/v2\/users\/1"}],"replies":[{"embeddable":true,"href":"https:\/\/pixxen.de\/index.php\/wp-json\/wp\/v2\/comments?post=16"}],"version-history":[{"count":32,"href":"https:\/\/pixxen.de\/index.php\/wp-json\/wp\/v2\/pages\/16\/revisions"}],"predecessor-version":[{"id":6719,"href":"https:\/\/pixxen.de\/index.php\/wp-json\/wp\/v2\/pages\/16\/revisions\/6719"}],"wp:attachment":[{"href":"https:\/\/pixxen.de\/index.php\/wp-json\/wp\/v2\/media?parent=16"}],"curies":[{"name":"wp","href":"https:\/\/api.w.org\/{rel}","templated":true}]}}