{"id":26,"date":"2019-05-11T14:58:25","date_gmt":"2019-05-11T14:58:25","guid":{"rendered":"https:\/\/pixxen.de\/?page_id=26"},"modified":"2025-06-01T08:40:19","modified_gmt":"2025-06-01T08:40:19","slug":"gelaende","status":"publish","type":"page","link":"https:\/\/pixxen.de\/index.php\/festival\/gelaende\/","title":{"rendered":"Gel\u00e4nde"},"content":{"rendered":"\n<p>Unser Gel\u00e4nde ist nicht zu gro\u00df und nicht zu klein. Es hat Rasen, ist trotzdem gegen Matsch gewappnet und Rohlstuhlgerecht. Wir bringen hier die B\u00fchne, das Videospielezelt, den Biergarten, einen Pool, viele St\u00e4nde und eine Menge Sofas unter. Dieses Jahr wird wegen dem Umbau des Dorfplatzes wieder mal improvisiert und wirnutzen wieder den Jugendplatz des SV Stikelkamps mit &#8211; vielen Dank f\u00fcr die Unterst\u00fctzung!<\/p>\n\n\n\n<figure class=\"wp-block-image\"><img loading=\"lazy\" width=\"768\" height=\"432\" src=\"https:\/\/pixxen.de\/wp-content\/uploads\/2019\/05\/21032443_1590052964358640_302449782611981147_n-768x432.jpg\" alt=\"\" class=\"wp-image-80\" srcset=\"https:\/\/pixxen.de\/wp-content\/uploads\/2019\/05\/21032443_1590052964358640_302449782611981147_n-768x432.jpg 768w, https:\/\/pixxen.de\/wp-content\/uploads\/2019\/05\/21032443_1590052964358640_302449782611981147_n-768x432-350x197.jpg 350w, https:\/\/pixxen.de\/wp-content\/uploads\/2019\/05\/21032443_1590052964358640_302449782611981147_n-768x432-300x169.jpg 300w\" sizes=\"(max-width: 767px) 89vw, (max-width: 1000px) 54vw, (max-width: 1071px) 543px, 580px\" \/><figcaption>Unser Gel\u00e4nde nachts 2017<\/figcaption><\/figure>\n\n\n\n<p>Neben dem Pool haben wir einen schattigen Biergarten, ein Videospielezelt und einen Stand f\u00fcr Kaffee, Tee &amp; Kuchen. Au\u00dferdem wird es eine Aktionsfl\u00e4che von Multi, sowie einen Infostand der <a href=\"https:\/\/pixxen.de\/index.php\/unterstuetzer\/herzkinder\/\">Herzkindern<\/a> geben. Daneben gibt es St\u00e4nde mit Bandmerch, Pixxenshirts und weitere Promost\u00e4nde. <\/p>\n\n\n\n<p>An den Getr\u00e4nkest\u00e4nden versorgen wir euch, essenstechnisch wird es wie gewohnt von allem etwas geben, weitere Infos findet ihr hier unter <a href=\"https:\/\/pixxen.de\/index.php\/festival\/essen-trinken\/\">Essen und Trinken<\/a>.<\/p>\n\n\n\n<figure class=\"wp-block-image\"><img loading=\"lazy\" width=\"612\" height=\"408\" src=\"https:\/\/pixxen.de\/wp-content\/uploads\/2019\/06\/1236149_618214751542471_464299024_n.jpg\" alt=\"\" class=\"wp-image-487\" srcset=\"https:\/\/pixxen.de\/wp-content\/uploads\/2019\/06\/1236149_618214751542471_464299024_n.jpg 612w, https:\/\/pixxen.de\/wp-content\/uploads\/2019\/06\/1236149_618214751542471_464299024_n-350x233.jpg 350w, https:\/\/pixxen.de\/wp-content\/uploads\/2019\/06\/1236149_618214751542471_464299024_n-300x200.jpg 300w\" sizes=\"(max-width: 612px) 100vw, 612px\" \/><figcaption>Das Gel\u00e4nde 2013, vergr\u00f6\u00dfert und verbessert durch stetiges, gesundes Wachstum<\/figcaption><\/figure>\n\n\n\n<p>Die netten Menschen vom DRK, das Team Umwelt und die Securities findet ihr alle im Bereich der Kasse. Hier ist auch die G\u00e4steliste, falls euch das betrifft. Die Toiletten sind in diesem Jahr im hinteren Bereich, neben der Turnhalle<\/p>\n\n\n\n<p>Alles, was an Platz bleibt, pflastern wir mit Sofas voll. Teilweise k\u00f6nnen <a href=\"https:\/\/pixxen.de\/index.php\/festival\/sofas\/\" data-type=\"page\" data-id=\"36\">Sofaspenden <\/a>nach Absprache angenommen werden, schickt eine Email an sofa@pixxen.de!<\/p>\n","protected":false},"excerpt":{"rendered":"<p>Unser Gel\u00e4nde ist nicht zu gro\u00df und nicht zu klein. Es hat Rasen, ist trotzdem gegen Matsch gewappnet und Rohlstuhlgerecht. Wir bringen hier die B\u00fchne, das Videospielezelt, den Biergarten, einen Pool, viele St\u00e4nde und eine Menge Sofas unter. Dieses Jahr wird wegen dem Umbau des Dorfplatzes wieder mal improvisiert und wirnutzen wieder den Jugendplatz des &hellip; <\/p>\n<p class=\"link-more\"><a href=\"https:\/\/pixxen.de\/index.php\/festival\/gelaende\/\" class=\"more-link\"><span class=\"screen-reader-text\">\u201eGel\u00e4nde\u201c<\/span> weiterlesen<\/a><\/p>\n","protected":false},"author":1,"featured_media":0,"parent":16,"menu_order":0,"comment_status":"closed","ping_status":"closed","template":"","meta":[],"_links":{"self":[{"href":"https:\/\/pixxen.de\/index.php\/wp-json\/wp\/v2\/pages\/26"}],"collection":[{"href":"https:\/\/pixxen.de\/index.php\/wp-json\/wp\/v2\/pages"}],"about":[{"href":"https:\/\/pixxen.de\/index.php\/wp-json\/wp\/v2\/types\/page"}],"author":[{"embeddable":true,"href":"https:\/\/pixxen.de\/index.php\/wp-json\/wp\/v2\/users\/1"}],"replies":[{"embeddable":true,"href":"https:\/\/pixxen.de\/index.php\/wp-json\/wp\/v2\/comments?post=26"}],"version-history":[{"count":19,"href":"https:\/\/pixxen.de\/index.php\/wp-json\/wp\/v2\/pages\/26\/revisions"}],"predecessor-version":[{"id":6659,"href":"https:\/\/pixxen.de\/index.php\/wp-json\/wp\/v2\/pages\/26\/revisions\/6659"}],"up":[{"embeddable":true,"href":"https:\/\/pixxen.de\/index.php\/wp-json\/wp\/v2\/pages\/16"}],"wp:attachment":[{"href":"https:\/\/pixxen.de\/index.php\/wp-json\/wp\/v2\/media?parent=26"}],"curies":[{"name":"wp","href":"https:\/\/api.w.org\/{rel}","templated":true}]}}