{"id":391,"date":"2019-05-13T07:21:06","date_gmt":"2019-05-13T07:21:06","guid":{"rendered":"https:\/\/pixxen.de\/?page_id=391"},"modified":"2023-05-13T09:57:01","modified_gmt":"2023-05-13T09:57:01","slug":"mitgliedsantrag","status":"publish","type":"page","link":"https:\/\/pixxen.de\/index.php\/verein\/mitgliedsantrag\/","title":{"rendered":"Mitgliedsantrag"},"content":{"rendered":"\n<p>Du m\u00f6chtest Pixxen e.V. aktiv oder finanziell unterst\u00fctzen? Kein Problem, untenstehend findet ihr unseren Mitgliedsantrag! Schon ab 1\u20ac im Monat kannst du wie gut 100 andere Menschen vor dir, problemlos die gute Sache unterst\u00fctzen! Weitere Infos gerne per Email oder pers\u00f6nlich nach Absprache<\/p>\n\n\n\n<div class=\"wp-block-media-text alignwide is-stacked-on-mobile\"><figure class=\"wp-block-media-text__media\"><img loading=\"lazy\" width=\"724\" height=\"1024\" src=\"https:\/\/pixxen.de\/wp-content\/uploads\/2023\/05\/2023-01-09_Pixxen-Ev_Aufnahmeantrag-2-724x1024.jpg\" alt=\"\" class=\"wp-image-6360 size-full\" srcset=\"https:\/\/pixxen.de\/wp-content\/uploads\/2023\/05\/2023-01-09_Pixxen-Ev_Aufnahmeantrag-2-724x1024.jpg 724w, https:\/\/pixxen.de\/wp-content\/uploads\/2023\/05\/2023-01-09_Pixxen-Ev_Aufnahmeantrag-2-212x300.jpg 212w, https:\/\/pixxen.de\/wp-content\/uploads\/2023\/05\/2023-01-09_Pixxen-Ev_Aufnahmeantrag-2-768x1086.jpg 768w, https:\/\/pixxen.de\/wp-content\/uploads\/2023\/05\/2023-01-09_Pixxen-Ev_Aufnahmeantrag-2-1086x1536.jpg 1086w, https:\/\/pixxen.de\/wp-content\/uploads\/2023\/05\/2023-01-09_Pixxen-Ev_Aufnahmeantrag-2-350x495.jpg 350w, https:\/\/pixxen.de\/wp-content\/uploads\/2023\/05\/2023-01-09_Pixxen-Ev_Aufnahmeantrag-2.jpg 1414w\" sizes=\"(max-width: 724px) 100vw, 724px\" \/><\/figure><div class=\"wp-block-media-text__content\">\n<p>Klicke <a href=\"https:\/\/pixxen.de\/wp-content\/uploads\/2023\/05\/2023-03-06_Pixxen-Ev_Aufnahmeantrag.pdf\" target=\"_blank\" rel=\"noreferrer noopener\">hier<\/a> f\u00fcr das Formular in Originalgr\u00f6\u00dfe. Einfach ausdrucken und an die genannte Adresse schicken, fertig!<\/p>\n\n\n\n<p>Infos zur Mitgliedschaft findest du auch in unserer <a href=\"https:\/\/pixxen.de\/index.php\/verein\/satzung\/\">Satzung<\/a>! Aus diversen Gr\u00fcnden ist eine Mitgliedschaft erst ab 16 Jahren m\u00f6glich!<\/p>\n<\/div><\/div>\n\n\n\n<figure class=\"wp-block-image\"><img loading=\"lazy\" width=\"904\" height=\"346\" src=\"https:\/\/pixxen.de\/wp-content\/uploads\/2019\/05\/23380147_1659779894052613_559827923854483155_n.png\" alt=\"\" class=\"wp-image-445\" srcset=\"https:\/\/pixxen.de\/wp-content\/uploads\/2019\/05\/23380147_1659779894052613_559827923854483155_n.png 904w, https:\/\/pixxen.de\/wp-content\/uploads\/2019\/05\/23380147_1659779894052613_559827923854483155_n-350x134.png 350w, https:\/\/pixxen.de\/wp-content\/uploads\/2019\/05\/23380147_1659779894052613_559827923854483155_n-300x115.png 300w, https:\/\/pixxen.de\/wp-content\/uploads\/2019\/05\/23380147_1659779894052613_559827923854483155_n-768x294.png 768w\" sizes=\"(max-width: 767px) 89vw, (max-width: 1000px) 54vw, (max-width: 1071px) 543px, 580px\" \/><figcaption>Legend\u00e4r sind neben dem Festival auch unsere Helferparties&#8230;<\/figcaption><\/figure>\n\n\n\n<p>In unserem Verein sind unterschiedlichste Menschen zwischen 18 und 118 erw\u00fcnscht und gewollt! Der 7-k\u00f6pfige Vorstand wird einmal im Jahr nach der <a href=\"https:\/\/pixxen.de\/index.php\/verein\/satzung\/\"> Satzung<\/a> gew\u00e4hlt und leitet zusammen mit einem circa 15 k\u00f6pfigen Orgateam die Geschicke des Vereins, dennoch kann sich jeder immer (vor allem aber nicht nur beim Festival) mit seinen Ideen, Talenten und Vorschl\u00e4gen einbringen. Nicht alle Helfer des Festivals sind Mitglieder, aber alle Mitglieder sind Helfer (direkt oder indirekt)! Also hilf auch du!<\/p>\n","protected":false},"excerpt":{"rendered":"<p>Du m\u00f6chtest Pixxen e.V. aktiv oder finanziell unterst\u00fctzen? Kein Problem, untenstehend findet ihr unseren Mitgliedsantrag! Schon ab 1\u20ac im Monat kannst du wie gut 100 andere Menschen vor dir, problemlos die gute Sache unterst\u00fctzen! Weitere Infos gerne per Email oder pers\u00f6nlich nach Absprache Klicke hier f\u00fcr das Formular in Originalgr\u00f6\u00dfe. Einfach ausdrucken und an die &hellip; <\/p>\n<p class=\"link-more\"><a href=\"https:\/\/pixxen.de\/index.php\/verein\/mitgliedsantrag\/\" class=\"more-link\"><span class=\"screen-reader-text\">\u201eMitgliedsantrag\u201c<\/span> weiterlesen<\/a><\/p>\n","protected":false},"author":2,"featured_media":0,"parent":121,"menu_order":0,"comment_status":"closed","ping_status":"closed","template":"","meta":[],"_links":{"self":[{"href":"https:\/\/pixxen.de\/index.php\/wp-json\/wp\/v2\/pages\/391"}],"collection":[{"href":"https:\/\/pixxen.de\/index.php\/wp-json\/wp\/v2\/pages"}],"about":[{"href":"https:\/\/pixxen.de\/index.php\/wp-json\/wp\/v2\/types\/page"}],"author":[{"embeddable":true,"href":"https:\/\/pixxen.de\/index.php\/wp-json\/wp\/v2\/users\/2"}],"replies":[{"embeddable":true,"href":"https:\/\/pixxen.de\/index.php\/wp-json\/wp\/v2\/comments?post=391"}],"version-history":[{"count":10,"href":"https:\/\/pixxen.de\/index.php\/wp-json\/wp\/v2\/pages\/391\/revisions"}],"predecessor-version":[{"id":6362,"href":"https:\/\/pixxen.de\/index.php\/wp-json\/wp\/v2\/pages\/391\/revisions\/6362"}],"up":[{"embeddable":true,"href":"https:\/\/pixxen.de\/index.php\/wp-json\/wp\/v2\/pages\/121"}],"wp:attachment":[{"href":"https:\/\/pixxen.de\/index.php\/wp-json\/wp\/v2\/media?parent=391"}],"curies":[{"name":"wp","href":"https:\/\/api.w.org\/{rel}","templated":true}]}}