{"id":40,"date":"2019-05-11T15:02:09","date_gmt":"2019-05-11T15:02:09","guid":{"rendered":"https:\/\/pixxen.de\/?page_id=40"},"modified":"2025-06-01T08:33:24","modified_gmt":"2025-06-01T08:33:24","slug":"tickets","status":"publish","type":"page","link":"https:\/\/pixxen.de\/index.php\/festival\/tickets\/","title":{"rendered":"Tickets"},"content":{"rendered":"\n<p class=\"has-drop-cap\">Hier gibts die Tickets im Vorverkauf f\u00fcr das 15. Pixxen Festival via <a href=\"https:\/\/ticket2go.de\/#!\/event\/4748\" data-type=\"URL\">ticket2go<\/a>!<br>Beachtet unten die wichtigen Anmerkungen!<\/p>\n\n\n\n<p>Die Karten sind wieder krass limitiert, weil wir es gerne gem\u00fctlich haben. Wer zuerst kommt, mahlt zuerst!<\/p>\n\n\n\n<figure class=\"wp-block-image size-large\"><img loading=\"lazy\" width=\"724\" height=\"1024\" src=\"https:\/\/pixxen.de\/wp-content\/uploads\/2025\/06\/388a1764-e9bd-49a7-afdf-9a603851d277-724x1024.jpg\" alt=\"\" class=\"wp-image-6645\" srcset=\"https:\/\/pixxen.de\/wp-content\/uploads\/2025\/06\/388a1764-e9bd-49a7-afdf-9a603851d277-724x1024.jpg 724w, https:\/\/pixxen.de\/wp-content\/uploads\/2025\/06\/388a1764-e9bd-49a7-afdf-9a603851d277-212x300.jpg 212w, https:\/\/pixxen.de\/wp-content\/uploads\/2025\/06\/388a1764-e9bd-49a7-afdf-9a603851d277-768x1086.jpg 768w, https:\/\/pixxen.de\/wp-content\/uploads\/2025\/06\/388a1764-e9bd-49a7-afdf-9a603851d277-1086x1536.jpg 1086w, https:\/\/pixxen.de\/wp-content\/uploads\/2025\/06\/388a1764-e9bd-49a7-afdf-9a603851d277.jpg 1131w\" sizes=\"(max-width: 724px) 100vw, 724px\" \/><\/figure>\n\n\n\n<p>Kinder unter 12 Jahren kommen f\u00fcr 1\u20ac mit ihren Eltern oder Gro\u00dfeltern rein, brauchen vorher kein Ticket kaufen<\/p>\n\n\n\n<p>Der Einlass beginnt am am Samstag um 14:00<\/p>\n\n\n\n<p>Es gibt ausdr\u00fccklich keine M\u00f6glichkeit oder Duldung von Camping! <\/p>\n\n\n\n<p>Wir werden kurzfristig schauen, ob wir noch Kapazit\u00e4ten f\u00fcr Anwohnertickets haben, sodass wir hier wieder f\u00fcr eine \u00dcberraschung sorgen k\u00f6nnen! <\/p>\n\n\n\n<p>Ab 22:00 m\u00fcssen unter 16j\u00e4hrige das Gel\u00e4nde verlassen!<br>Ab 24:00 m\u00fcssen unter 18j\u00e4hrige das Gel\u00e4nde verlassen!<\/p>\n","protected":false},"excerpt":{"rendered":"<p>Hier gibts die Tickets im Vorverkauf f\u00fcr das 15. Pixxen Festival via ticket2go!Beachtet unten die wichtigen Anmerkungen! Die Karten sind wieder krass limitiert, weil wir es gerne gem\u00fctlich haben. Wer zuerst kommt, mahlt zuerst! Kinder unter 12 Jahren kommen f\u00fcr 1\u20ac mit ihren Eltern oder Gro\u00dfeltern rein, brauchen vorher kein Ticket kaufen Der Einlass beginnt &hellip; <\/p>\n<p class=\"link-more\"><a href=\"https:\/\/pixxen.de\/index.php\/festival\/tickets\/\" class=\"more-link\"><span class=\"screen-reader-text\">\u201eTickets\u201c<\/span> weiterlesen<\/a><\/p>\n","protected":false},"author":1,"featured_media":0,"parent":16,"menu_order":0,"comment_status":"closed","ping_status":"closed","template":"","meta":[],"_links":{"self":[{"href":"https:\/\/pixxen.de\/index.php\/wp-json\/wp\/v2\/pages\/40"}],"collection":[{"href":"https:\/\/pixxen.de\/index.php\/wp-json\/wp\/v2\/pages"}],"about":[{"href":"https:\/\/pixxen.de\/index.php\/wp-json\/wp\/v2\/types\/page"}],"author":[{"embeddable":true,"href":"https:\/\/pixxen.de\/index.php\/wp-json\/wp\/v2\/users\/1"}],"replies":[{"embeddable":true,"href":"https:\/\/pixxen.de\/index.php\/wp-json\/wp\/v2\/comments?post=40"}],"version-history":[{"count":23,"href":"https:\/\/pixxen.de\/index.php\/wp-json\/wp\/v2\/pages\/40\/revisions"}],"predecessor-version":[{"id":6646,"href":"https:\/\/pixxen.de\/index.php\/wp-json\/wp\/v2\/pages\/40\/revisions\/6646"}],"up":[{"embeddable":true,"href":"https:\/\/pixxen.de\/index.php\/wp-json\/wp\/v2\/pages\/16"}],"wp:attachment":[{"href":"https:\/\/pixxen.de\/index.php\/wp-json\/wp\/v2\/media?parent=40"}],"curies":[{"name":"wp","href":"https:\/\/api.w.org\/{rel}","templated":true}]}}