{"id":56,"date":"2019-05-11T15:05:49","date_gmt":"2019-05-11T15:05:49","guid":{"rendered":"https:\/\/pixxen.de\/?page_id=56"},"modified":"2023-05-13T10:10:56","modified_gmt":"2023-05-13T10:10:56","slug":"freshbeatz","status":"publish","type":"page","link":"https:\/\/pixxen.de\/index.php\/unterstuetzer\/freshbeatz\/","title":{"rendered":"Freshbeatz"},"content":{"rendered":"\n<h2>Freshbeatz<\/h2>\n\n\n\n<p>Das Kollektiv FreshBeatz kommt aus Leer und Umgebung. Bestehend aus mehreren DJ\u2018s, Veranstaltern und coolen Leuten die seit 2010 Parties u.a. im Zollhaus Leer, Limit Ihrhove und der umBAUbar in Oldenburg veranstalten. <\/p>\n\n\n\n<figure class=\"wp-block-image\"><img loading=\"lazy\" width=\"768\" height=\"511\" src=\"https:\/\/pixxen.de\/wp-content\/uploads\/2019\/05\/40527520_2020399387990660_5162707258529808384_o-1-768x511.jpg\" alt=\"\" class=\"wp-image-62\" srcset=\"https:\/\/pixxen.de\/wp-content\/uploads\/2019\/05\/40527520_2020399387990660_5162707258529808384_o-1-768x511.jpg 768w, https:\/\/pixxen.de\/wp-content\/uploads\/2019\/05\/40527520_2020399387990660_5162707258529808384_o-1-768x511-350x233.jpg 350w, https:\/\/pixxen.de\/wp-content\/uploads\/2019\/05\/40527520_2020399387990660_5162707258529808384_o-1-768x511-300x200.jpg 300w\" sizes=\"(max-width: 767px) 89vw, (max-width: 1000px) 54vw, (max-width: 1071px) 543px, 580px\" \/><figcaption>Die Freshbeatzstage 2018<\/figcaption><\/figure>\n\n\n\n<p>Seit 2011 sind sie ebenfalls Teil des Pixxen Festivals. Damals noch in einer kleinen Ecke mit dem DJ Pult unter einem Pavillon und bis 2019 mit einer fantastischen zweiten Stage als fester Bestandteil des wohl sch\u00f6nsten Festivals der Region. <\/p>\n\n\n\n<p>Ab 2020 m\u00fcssen wir leider aus diversen Gr\u00fcnden auf die Freshbeatzb\u00fchne verzichten. Das macht uns traurig, geht aber leider nicht anders. Wir danken dem Freshbeatzteam f\u00fcr die lange und tolle Unterst\u00fctzung!<\/p>\n","protected":false},"excerpt":{"rendered":"<p>Freshbeatz Das Kollektiv FreshBeatz kommt aus Leer und Umgebung. Bestehend aus mehreren DJ\u2018s, Veranstaltern und coolen Leuten die seit 2010 Parties u.a. im Zollhaus Leer, Limit Ihrhove und der umBAUbar in Oldenburg veranstalten. Seit 2011 sind sie ebenfalls Teil des Pixxen Festivals. Damals noch in einer kleinen Ecke mit dem DJ Pult unter einem Pavillon &hellip; <\/p>\n<p class=\"link-more\"><a href=\"https:\/\/pixxen.de\/index.php\/unterstuetzer\/freshbeatz\/\" class=\"more-link\"><span class=\"screen-reader-text\">\u201eFreshbeatz\u201c<\/span> weiterlesen<\/a><\/p>\n","protected":false},"author":1,"featured_media":0,"parent":52,"menu_order":0,"comment_status":"closed","ping_status":"closed","template":"","meta":[],"_links":{"self":[{"href":"https:\/\/pixxen.de\/index.php\/wp-json\/wp\/v2\/pages\/56"}],"collection":[{"href":"https:\/\/pixxen.de\/index.php\/wp-json\/wp\/v2\/pages"}],"about":[{"href":"https:\/\/pixxen.de\/index.php\/wp-json\/wp\/v2\/types\/page"}],"author":[{"embeddable":true,"href":"https:\/\/pixxen.de\/index.php\/wp-json\/wp\/v2\/users\/1"}],"replies":[{"embeddable":true,"href":"https:\/\/pixxen.de\/index.php\/wp-json\/wp\/v2\/comments?post=56"}],"version-history":[{"count":4,"href":"https:\/\/pixxen.de\/index.php\/wp-json\/wp\/v2\/pages\/56\/revisions"}],"predecessor-version":[{"id":6368,"href":"https:\/\/pixxen.de\/index.php\/wp-json\/wp\/v2\/pages\/56\/revisions\/6368"}],"up":[{"embeddable":true,"href":"https:\/\/pixxen.de\/index.php\/wp-json\/wp\/v2\/pages\/52"}],"wp:attachment":[{"href":"https:\/\/pixxen.de\/index.php\/wp-json\/wp\/v2\/media?parent=56"}],"curies":[{"name":"wp","href":"https:\/\/api.w.org\/{rel}","templated":true}]}}